{"id":1490,"date":"2024-11-20T23:49:34","date_gmt":"2024-11-20T22:49:34","guid":{"rendered":"https:\/\/www.ladrogopedia.com\/mezclas-y-riesgos\/?page_id=1490"},"modified":"2024-12-20T17:20:27","modified_gmt":"2024-12-20T16:20:27","slug":"solicitar-mezclas","status":"publish","type":"page","link":"https:\/\/www.ladrogopedia.com\/mezclas-y-riesgos\/solicitar-mezclas\/","title":{"rendered":"Solicitar mezcla"},"content":{"rendered":"\n<p class=\"wp-block-paragraph\">\u00bfHay alguna mezcla sobre la que no encuentras informaci\u00f3n y<strong> te gustar\u00eda que investiguemos<\/strong>? <\/p>\n\n\n\n<p class=\"wp-block-paragraph\">Nuestro equipo de expertos est\u00e1 comprometido a brindar informaci\u00f3n precisa y \u00fatil. Completa el formulario a continuaci\u00f3n, y analizaremos tu propuesta para incluirla en el interactivo lo antes posible. \u00a1Tu colaboraci\u00f3n nos ayuda a mejorar!<\/p>\n\n\n\n<p class=\"wp-block-paragraph\"><\/p>\n\n\n\n<div class=\"forminator-guttenberg\"><div class=\"forminator-ui forminator-custom-form forminator-custom-form-1489 forminator-design--flat  forminator_ajax\" data-forminator-render=\"0\" data-form=\"forminator-module-1489\" data-uid=\"69df327e22d28\"><br\/><\/div><form\n\t\t\t\tid=\"forminator-module-1489\"\n\t\t\t\tclass=\"forminator-ui forminator-custom-form forminator-custom-form-1489 forminator-design--flat  forminator_ajax\"\n\t\t\t\tmethod=\"post\"\n\t\t\t\tdata-forminator-render=\"0\"\n\t\t\t\tdata-form-id=\"1489\"\n\t\t\t\t data-color-option=\"default\" data-design=\"flat\" data-grid=\"open\" style=\"display: none;\"\n\t\t\t\tdata-uid=\"69df327e22d28\"\n\t\t\t><div role=\"alert\" aria-live=\"polite\" class=\"forminator-response-message forminator-error\" aria-hidden=\"true\"><\/div><div class=\"forminator-row\"><div id=\"email-1\" class=\"forminator-field-email forminator-col forminator-col-12 \"><div class=\"forminator-field\"><label for=\"forminator-field-email-1_69df327e22d28\" id=\"forminator-field-email-1_69df327e22d28-label\" class=\"forminator-label\">Direcci\u00f3n de correo electr\u00f3nico <span class=\"forminator-required\">*<\/span><\/label><input type=\"email\" name=\"email-1\" value=\"\" placeholder=\"Ej . : john@doe.com\" id=\"forminator-field-email-1_69df327e22d28\" class=\"forminator-input forminator-email--field\" data-required=\"1\" aria-required=\"true\" autocomplete=\"email\" aria-describedby=\"forminator-field-email-1_69df327e22d28-description\" \/><span id=\"forminator-field-email-1_69df327e22d28-description\" class=\"forminator-description\">Te avisaremos cuando est\u00e9 subida la mezcla al interactivo.<\/span><\/div><\/div><\/div><div class=\"forminator-row\"><div id=\"text-1\" class=\"forminator-field-text forminator-col forminator-col-12 \"><div class=\"forminator-field\"><label for=\"forminator-field-text-1_69df327e22d28\" id=\"forminator-field-text-1_69df327e22d28-label\" class=\"forminator-label\">Sustancia 1 <span class=\"forminator-required\">*<\/span><\/label><input type=\"text\" name=\"text-1\" value=\"\" placeholder=\"Alcohol\" id=\"forminator-field-text-1_69df327e22d28\" class=\"forminator-input forminator-name--field\" data-required=\"1\" \/><\/div><\/div><\/div><div class=\"forminator-row\"><div id=\"text-2\" class=\"forminator-field-text forminator-col forminator-col-12 \"><div class=\"forminator-field\"><label for=\"forminator-field-text-2_69df327e22d28\" id=\"forminator-field-text-2_69df327e22d28-label\" class=\"forminator-label\">Sustancia 2 <span class=\"forminator-required\">*<\/span><\/label><input type=\"text\" name=\"text-2\" value=\"\" placeholder=\"MDMA\" id=\"forminator-field-text-2_69df327e22d28\" class=\"forminator-input forminator-name--field\" data-required=\"1\" \/><\/div><\/div><\/div><div class=\"forminator-row\"><div id=\"checkbox-1\" class=\"forminator-field-checkbox forminator-col forminator-col-12 \"><div role=\"group\" class=\"forminator-field\" aria-labelledby=\"forminator-checkbox-group-forminator-field-checkbox-1-69df327e22d28-label\"><span id=\"forminator-checkbox-group-forminator-field-checkbox-1-69df327e22d28-label\" class=\"forminator-label\">\u00bfQuieres saber m\u00e1s?<\/span><label id=\"forminator-field-checkbox-1-1-69df327e22d28-label\" for=\"forminator-field-checkbox-1-1-69df327e22d28\" class=\"forminator-checkbox\" title=\"Acepto recibir comunicaciones puntuales de Drogopedia\"><input type=\"checkbox\" name=\"checkbox-1[]\" value=\"one\" id=\"forminator-field-checkbox-1-1-69df327e22d28\" aria-labelledby=\"forminator-field-checkbox-1-1-69df327e22d28-label\" data-calculation=\"0\" checked=\"checked\"  data-hidden-behavior=\"zero\"\/><span class=\"forminator-checkbox-box\" aria-hidden=\"true\"><\/span><span class=\"forminator-checkbox-label\">Acepto recibir comunicaciones puntuales de Drogopedia<\/span><\/label><\/div><\/div><\/div><div class=\"forminator-row\"><div id=\"textarea-1\" class=\"forminator-field-textarea forminator-col forminator-col-12 \"><div class=\"forminator-field\"><label for=\"forminator-field-textarea-1_69df327e22d28\" id=\"forminator-field-textarea-1_69df327e22d28-label\" class=\"forminator-label\">Comentario<\/label><textarea name=\"textarea-1\" placeholder=\"Cualquier comentario que quieras dejarnos sobre como mejorar el proyecto. Opcional\" id=\"forminator-field-textarea-1_69df327e22d28\" class=\"forminator-textarea\" rows=\"6\" style=\"min-height:140px;\" ><\/textarea><\/div><\/div><\/div><input type=\"hidden\" name=\"referer_url\" value=\"\" \/><div class=\"forminator-row forminator-row-last\"><div class=\"forminator-col\"><div class=\"forminator-field\"><button class=\"forminator-button forminator-button-submit\">Enviar mensaje<\/button><\/div><\/div><\/div><input type=\"hidden\" id=\"forminator_nonce\" name=\"forminator_nonce\" value=\"e2a7c1bf89\" \/><input type=\"hidden\" name=\"_wp_http_referer\" value=\"\/mezclas-y-riesgos\/wp-json\/wp\/v2\/pages\/1490\" \/><input type=\"hidden\" name=\"form_id\" value=\"1489\"><input type=\"hidden\" name=\"page_id\" value=\"1490\"><input type=\"hidden\" name=\"form_type\" value=\"default\"><input type=\"hidden\" name=\"current_url\" value=\"https:\/\/www.ladrogopedia.com\/mezclas-y-riesgos\/solicitar-mezclas\/\"><input type=\"hidden\" name=\"render_id\" value=\"0\"><input type=\"hidden\" name=\"action\" value=\"forminator_submit_form_custom-forms\"><\/form><\/div>\n","protected":false},"excerpt":{"rendered":"<p>\u00bfHay alguna mezcla sobre la que no encuentras informaci\u00f3n y te gustar\u00eda que investiguemos? Nuestro equipo de expertos est\u00e1 comprometido a brindar informaci\u00f3n precisa y \u00fatil. Completa el formulario a continuaci\u00f3n, y analizaremos tu propuesta para incluirla en el interactivo lo antes posible. \u00a1Tu colaboraci\u00f3n nos ayuda a mejorar!<\/p>\n","protected":false},"author":2,"featured_media":0,"parent":0,"menu_order":0,"comment_status":"closed","ping_status":"closed","template":"","meta":{"_acf_changed":false,"_crdt_document":"","footnotes":""},"class_list":["post-1490","page","type-page","status-publish","hentry"],"acf":[],"yoast_head":"<!-- This site is optimized with the Yoast SEO plugin v27.3 - https:\/\/yoast.com\/product\/yoast-seo-wordpress\/ -->\n<title>Solicitar mezcla - Drogopedia: Mezclas y Riesgos - Gu\u00eda Interactiva<\/title>\n<meta name=\"robots\" content=\"index, follow, max-snippet:-1, max-image-preview:large, max-video-preview:-1\" \/>\n<link rel=\"canonical\" href=\"https:\/\/www.ladrogopedia.com\/mezclas-y-riesgos\/solicitar-mezclas\/\" \/>\n<meta property=\"og:locale\" content=\"es_ES\" \/>\n<meta property=\"og:type\" content=\"article\" \/>\n<meta property=\"og:title\" content=\"Solicitar mezcla - Drogopedia: Mezclas y Riesgos - Gu\u00eda Interactiva\" \/>\n<meta property=\"og:description\" content=\"\u00bfHay alguna mezcla sobre la que no encuentras informaci\u00f3n y te gustar\u00eda que investiguemos? Nuestro equipo de expertos est\u00e1 comprometido a brindar informaci\u00f3n precisa y \u00fatil. Completa el formulario a continuaci\u00f3n, y analizaremos tu propuesta para incluirla en el interactivo lo antes posible. \u00a1Tu colaboraci\u00f3n nos ayuda a mejorar!\" \/>\n<meta property=\"og:url\" content=\"https:\/\/www.ladrogopedia.com\/mezclas-y-riesgos\/solicitar-mezclas\/\" \/>\n<meta property=\"og:site_name\" content=\"Drogopedia: Mezclas y Riesgos - Gu\u00eda Interactiva\" \/>\n<meta property=\"article:modified_time\" content=\"2024-12-20T16:20:27+00:00\" \/>\n<meta property=\"og:image\" content=\"https:\/\/www.ladrogopedia.com\/mezclas-y-riesgos\/wp-content\/uploads\/2024\/08\/1200x675.png\" \/>\n\t<meta property=\"og:image:width\" content=\"2400\" \/>\n\t<meta property=\"og:image:height\" content=\"1350\" \/>\n\t<meta property=\"og:image:type\" content=\"image\/png\" \/>\n<meta name=\"twitter:card\" content=\"summary_large_image\" \/>\n<meta name=\"twitter:label1\" content=\"Tiempo de lectura\" \/>\n\t<meta name=\"twitter:data1\" content=\"1 minuto\" \/>\n<script type=\"application\/ld+json\" class=\"yoast-schema-graph\">{\"@context\":\"https:\\\/\\\/schema.org\",\"@graph\":[{\"@type\":\"WebPage\",\"@id\":\"https:\\\/\\\/www.ladrogopedia.com\\\/mezclas-y-riesgos\\\/solicitar-mezclas\\\/\",\"url\":\"https:\\\/\\\/www.ladrogopedia.com\\\/mezclas-y-riesgos\\\/solicitar-mezclas\\\/\",\"name\":\"Solicitar mezcla - Drogopedia: Mezclas y Riesgos - Gu\u00eda Interactiva\",\"isPartOf\":{\"@id\":\"https:\\\/\\\/www.ladrogopedia.com\\\/mezclas-y-riesgos\\\/#website\"},\"datePublished\":\"2024-11-20T22:49:34+00:00\",\"dateModified\":\"2024-12-20T16:20:27+00:00\",\"breadcrumb\":{\"@id\":\"https:\\\/\\\/www.ladrogopedia.com\\\/mezclas-y-riesgos\\\/solicitar-mezclas\\\/#breadcrumb\"},\"inLanguage\":\"es\",\"potentialAction\":[{\"@type\":\"ReadAction\",\"target\":[\"https:\\\/\\\/www.ladrogopedia.com\\\/mezclas-y-riesgos\\\/solicitar-mezclas\\\/\"]}]},{\"@type\":\"BreadcrumbList\",\"@id\":\"https:\\\/\\\/www.ladrogopedia.com\\\/mezclas-y-riesgos\\\/solicitar-mezclas\\\/#breadcrumb\",\"itemListElement\":[{\"@type\":\"ListItem\",\"position\":1,\"name\":\"Portada\",\"item\":\"https:\\\/\\\/www.ladrogopedia.com\\\/mezclas-y-riesgos\\\/\"},{\"@type\":\"ListItem\",\"position\":2,\"name\":\"Solicitar mezcla\"}]},{\"@type\":\"WebSite\",\"@id\":\"https:\\\/\\\/www.ladrogopedia.com\\\/mezclas-y-riesgos\\\/#website\",\"url\":\"https:\\\/\\\/www.ladrogopedia.com\\\/mezclas-y-riesgos\\\/\",\"name\":\"Drogopedia: Mezclas y Riesgos. Gu\u00eda interactiva\",\"description\":\"Anticipa los principales riesgos y efectos de la mezcla de drogas psicoactivas y toma precauciones ante su consumo.\",\"publisher\":{\"@id\":\"https:\\\/\\\/www.ladrogopedia.com\\\/mezclas-y-riesgos\\\/#organization\"},\"alternateName\":\"Drogopedia: Mezclas y Riesgos\",\"potentialAction\":[{\"@type\":\"SearchAction\",\"target\":{\"@type\":\"EntryPoint\",\"urlTemplate\":\"https:\\\/\\\/www.ladrogopedia.com\\\/mezclas-y-riesgos\\\/?s={search_term_string}\"},\"query-input\":{\"@type\":\"PropertyValueSpecification\",\"valueRequired\":true,\"valueName\":\"search_term_string\"}}],\"inLanguage\":\"es\"},{\"@type\":\"Organization\",\"@id\":\"https:\\\/\\\/www.ladrogopedia.com\\\/mezclas-y-riesgos\\\/#organization\",\"name\":\"Drogopedia: Mezclas y Riesgos\",\"url\":\"https:\\\/\\\/www.ladrogopedia.com\\\/mezclas-y-riesgos\\\/\",\"logo\":{\"@type\":\"ImageObject\",\"inLanguage\":\"es\",\"@id\":\"https:\\\/\\\/www.ladrogopedia.com\\\/mezclas-y-riesgos\\\/#\\\/schema\\\/logo\\\/image\\\/\",\"url\":\"https:\\\/\\\/www.ladrogopedia.com\\\/mezclas-y-riesgos\\\/wp-content\\\/uploads\\\/2024\\\/08\\\/696x696.png\",\"contentUrl\":\"https:\\\/\\\/www.ladrogopedia.com\\\/mezclas-y-riesgos\\\/wp-content\\\/uploads\\\/2024\\\/08\\\/696x696.png\",\"width\":1392,\"height\":1392,\"caption\":\"Drogopedia: Mezclas y Riesgos\"},\"image\":{\"@id\":\"https:\\\/\\\/www.ladrogopedia.com\\\/mezclas-y-riesgos\\\/#\\\/schema\\\/logo\\\/image\\\/\"}}]}<\/script>\n<!-- \/ Yoast SEO plugin. -->","yoast_head_json":{"title":"Solicitar mezcla - Drogopedia: Mezclas y Riesgos - Gu\u00eda Interactiva","robots":{"index":"index","follow":"follow","max-snippet":"max-snippet:-1","max-image-preview":"max-image-preview:large","max-video-preview":"max-video-preview:-1"},"canonical":"https:\/\/www.ladrogopedia.com\/mezclas-y-riesgos\/solicitar-mezclas\/","og_locale":"es_ES","og_type":"article","og_title":"Solicitar mezcla - Drogopedia: Mezclas y Riesgos - Gu\u00eda Interactiva","og_description":"\u00bfHay alguna mezcla sobre la que no encuentras informaci\u00f3n y te gustar\u00eda que investiguemos? Nuestro equipo de expertos est\u00e1 comprometido a brindar informaci\u00f3n precisa y \u00fatil. Completa el formulario a continuaci\u00f3n, y analizaremos tu propuesta para incluirla en el interactivo lo antes posible. \u00a1Tu colaboraci\u00f3n nos ayuda a mejorar!","og_url":"https:\/\/www.ladrogopedia.com\/mezclas-y-riesgos\/solicitar-mezclas\/","og_site_name":"Drogopedia: Mezclas y Riesgos - Gu\u00eda Interactiva","article_modified_time":"2024-12-20T16:20:27+00:00","og_image":[{"width":2400,"height":1350,"url":"https:\/\/www.ladrogopedia.com\/mezclas-y-riesgos\/wp-content\/uploads\/2024\/08\/1200x675.png","type":"image\/png"}],"twitter_card":"summary_large_image","twitter_misc":{"Tiempo de lectura":"1 minuto"},"schema":{"@context":"https:\/\/schema.org","@graph":[{"@type":"WebPage","@id":"https:\/\/www.ladrogopedia.com\/mezclas-y-riesgos\/solicitar-mezclas\/","url":"https:\/\/www.ladrogopedia.com\/mezclas-y-riesgos\/solicitar-mezclas\/","name":"Solicitar mezcla - Drogopedia: Mezclas y Riesgos - Gu\u00eda Interactiva","isPartOf":{"@id":"https:\/\/www.ladrogopedia.com\/mezclas-y-riesgos\/#website"},"datePublished":"2024-11-20T22:49:34+00:00","dateModified":"2024-12-20T16:20:27+00:00","breadcrumb":{"@id":"https:\/\/www.ladrogopedia.com\/mezclas-y-riesgos\/solicitar-mezclas\/#breadcrumb"},"inLanguage":"es","potentialAction":[{"@type":"ReadAction","target":["https:\/\/www.ladrogopedia.com\/mezclas-y-riesgos\/solicitar-mezclas\/"]}]},{"@type":"BreadcrumbList","@id":"https:\/\/www.ladrogopedia.com\/mezclas-y-riesgos\/solicitar-mezclas\/#breadcrumb","itemListElement":[{"@type":"ListItem","position":1,"name":"Portada","item":"https:\/\/www.ladrogopedia.com\/mezclas-y-riesgos\/"},{"@type":"ListItem","position":2,"name":"Solicitar mezcla"}]},{"@type":"WebSite","@id":"https:\/\/www.ladrogopedia.com\/mezclas-y-riesgos\/#website","url":"https:\/\/www.ladrogopedia.com\/mezclas-y-riesgos\/","name":"Drogopedia: Mezclas y Riesgos. Gu\u00eda interactiva","description":"Anticipa los principales riesgos y efectos de la mezcla de drogas psicoactivas y toma precauciones ante su consumo.","publisher":{"@id":"https:\/\/www.ladrogopedia.com\/mezclas-y-riesgos\/#organization"},"alternateName":"Drogopedia: Mezclas y Riesgos","potentialAction":[{"@type":"SearchAction","target":{"@type":"EntryPoint","urlTemplate":"https:\/\/www.ladrogopedia.com\/mezclas-y-riesgos\/?s={search_term_string}"},"query-input":{"@type":"PropertyValueSpecification","valueRequired":true,"valueName":"search_term_string"}}],"inLanguage":"es"},{"@type":"Organization","@id":"https:\/\/www.ladrogopedia.com\/mezclas-y-riesgos\/#organization","name":"Drogopedia: Mezclas y Riesgos","url":"https:\/\/www.ladrogopedia.com\/mezclas-y-riesgos\/","logo":{"@type":"ImageObject","inLanguage":"es","@id":"https:\/\/www.ladrogopedia.com\/mezclas-y-riesgos\/#\/schema\/logo\/image\/","url":"https:\/\/www.ladrogopedia.com\/mezclas-y-riesgos\/wp-content\/uploads\/2024\/08\/696x696.png","contentUrl":"https:\/\/www.ladrogopedia.com\/mezclas-y-riesgos\/wp-content\/uploads\/2024\/08\/696x696.png","width":1392,"height":1392,"caption":"Drogopedia: Mezclas y Riesgos"},"image":{"@id":"https:\/\/www.ladrogopedia.com\/mezclas-y-riesgos\/#\/schema\/logo\/image\/"}}]}},"_links":{"self":[{"href":"https:\/\/www.ladrogopedia.com\/mezclas-y-riesgos\/wp-json\/wp\/v2\/pages\/1490","targetHints":{"allow":["GET"]}}],"collection":[{"href":"https:\/\/www.ladrogopedia.com\/mezclas-y-riesgos\/wp-json\/wp\/v2\/pages"}],"about":[{"href":"https:\/\/www.ladrogopedia.com\/mezclas-y-riesgos\/wp-json\/wp\/v2\/types\/page"}],"author":[{"embeddable":true,"href":"https:\/\/www.ladrogopedia.com\/mezclas-y-riesgos\/wp-json\/wp\/v2\/users\/2"}],"replies":[{"embeddable":true,"href":"https:\/\/www.ladrogopedia.com\/mezclas-y-riesgos\/wp-json\/wp\/v2\/comments?post=1490"}],"version-history":[{"count":13,"href":"https:\/\/www.ladrogopedia.com\/mezclas-y-riesgos\/wp-json\/wp\/v2\/pages\/1490\/revisions"}],"predecessor-version":[{"id":2509,"href":"https:\/\/www.ladrogopedia.com\/mezclas-y-riesgos\/wp-json\/wp\/v2\/pages\/1490\/revisions\/2509"}],"wp:attachment":[{"href":"https:\/\/www.ladrogopedia.com\/mezclas-y-riesgos\/wp-json\/wp\/v2\/media?parent=1490"}],"curies":[{"name":"wp","href":"https:\/\/api.w.org\/{rel}","templated":true}]}}